{"id":396,"date":"2019-08-31T15:41:32","date_gmt":"2019-08-31T15:41:32","guid":{"rendered":"http:\/\/5ghorses.com\/?page_id=396"},"modified":"2021-05-07T10:42:33","modified_gmt":"2021-05-07T10:42:33","slug":"5g-yhteys","status":"publish","type":"page","link":"https:\/\/5ghorses.com\/index.php\/5g-yhteys\/","title":{"rendered":"5G-yhteys"},"content":{"rendered":"\n<p>s\u00e4hk\u00f6posti: info[at]5ghorses.com<br>-korvaa  [at] @-merkill\u00e4<br><br>postiosoite:<br>Kaakkolan tila \/ 5G Horses ry<br>Ourajoentie 111<br>12920 Topeno<\/p>\n\n\n\n<p>Puhelin 0400-498777 \/ Anita Kaakkola<\/p>\n\n\n\n<p><\/p>\n","protected":false},"excerpt":{"rendered":"<p>s\u00e4hk\u00f6posti: info[at]5ghorses.com-korvaa [at] @-merkill\u00e4 postiosoite:Kaakkolan tila \/ 5G Horses ryOurajoentie 11112920 Topeno Puhelin 0400-498777 \/ Anita Kaakkola<\/p>\n","protected":false},"author":1,"featured_media":0,"parent":0,"menu_order":0,"comment_status":"closed","ping_status":"closed","template":"","meta":{"sfsi_plus_gutenberg_text_before_share":"","sfsi_plus_gutenberg_show_text_before_share":"","sfsi_plus_gutenberg_icon_type":"","sfsi_plus_gutenberg_icon_alignemt":"","sfsi_plus_gutenburg_max_per_row":""},"_links":{"self":[{"href":"https:\/\/5ghorses.com\/index.php\/wp-json\/wp\/v2\/pages\/396"}],"collection":[{"href":"https:\/\/5ghorses.com\/index.php\/wp-json\/wp\/v2\/pages"}],"about":[{"href":"https:\/\/5ghorses.com\/index.php\/wp-json\/wp\/v2\/types\/page"}],"author":[{"embeddable":true,"href":"https:\/\/5ghorses.com\/index.php\/wp-json\/wp\/v2\/users\/1"}],"replies":[{"embeddable":true,"href":"https:\/\/5ghorses.com\/index.php\/wp-json\/wp\/v2\/comments?post=396"}],"version-history":[{"count":2,"href":"https:\/\/5ghorses.com\/index.php\/wp-json\/wp\/v2\/pages\/396\/revisions"}],"predecessor-version":[{"id":20554,"href":"https:\/\/5ghorses.com\/index.php\/wp-json\/wp\/v2\/pages\/396\/revisions\/20554"}],"wp:attachment":[{"href":"https:\/\/5ghorses.com\/index.php\/wp-json\/wp\/v2\/media?parent=396"}],"curies":[{"name":"wp","href":"https:\/\/api.w.org\/{rel}","templated":true}]}}