{"id":3892,"date":"2019-12-30T06:18:51","date_gmt":"2019-12-30T06:18:51","guid":{"rendered":"http:\/\/5ghorses.com\/?page_id=3892"},"modified":"2019-12-30T06:18:52","modified_gmt":"2019-12-30T06:18:52","slug":"paula-sarsama","status":"publish","type":"page","link":"https:\/\/5ghorses.com\/index.php\/paula-sarsama\/","title":{"rendered":"Paula Sarsama"},"content":{"rendered":"\n<figure class=\"wp-block-image size-large\"><img loading=\"lazy\" width=\"768\" height=\"1024\" src=\"http:\/\/5ghorses.com\/wp-content\/uploads\/2019\/12\/Paula-768x1024.jpg\" alt=\"\" class=\"wp-image-3893\" srcset=\"https:\/\/5ghorses.com\/wp-content\/uploads\/2019\/12\/Paula-768x1025.jpg 768w, https:\/\/5ghorses.com\/wp-content\/uploads\/2019\/12\/Paula-225x300.jpg 225w, https:\/\/5ghorses.com\/wp-content\/uploads\/2019\/12\/Paula-400x534.jpg 400w, https:\/\/5ghorses.com\/wp-content\/uploads\/2019\/12\/Paula-600x800.jpg 600w, https:\/\/5ghorses.com\/wp-content\/uploads\/2019\/12\/Paula.jpg 841w\" sizes=\"(max-width: 768px) 100vw, 768px\" \/><\/figure>\n\n\n\n<p>Paula on pitk\u00e4aikainen hevosharrastaja Yl\u00f6j\u00e4rvelt\u00e4. H\u00e4n\ntutkii ty\u00f6kseen biomateriaaleja ja vet\u00e4\u00e4 kansainv\u00e4lisi\u00e4 tutkimusprojekteja.\nPaula on ratsastanut itse kilpaa useita vuosia SM-tasolla, kasvattanut muutaman\nhevosen ja viimeiset vuodet on toiminut aktiivisesti poni\u00e4itin\u00e4. Vuosien\nvarrella h\u00e4n on ollut mm. SIHY:n johtokunnassa ja paikalliskerho Krafturin\nhallituksessa, sek\u00e4 toiminut kaksi kertaa my\u00f6s askellajiratsastuksen\nmaajoukkueenjohtajana. <\/p>\n\n\n\n<p>Paulan teht\u00e4v\u00e4n\u00e4 5G Horses -tiimiss\u00e4 on j\u00e4rjest\u00e4\u00e4 ja\nkoordinoida tiimin ratsastajille yhteisi\u00e4 valmennuksia tiimin tarpeiden mukaan.<\/p>\n","protected":false},"excerpt":{"rendered":"<p>Paula on pitk\u00e4aikainen hevosharrastaja Yl\u00f6j\u00e4rvelt\u00e4. H\u00e4n tutkii ty\u00f6kseen biomateriaaleja ja vet\u00e4\u00e4 kansainv\u00e4lisi\u00e4 tutkimusprojekteja. Paula on ratsastanut itse kilpaa useita vuosia SM-tasolla, kasvattanut muutaman hevosen ja viimeiset vuodet on toiminut aktiivisesti&hellip;<\/p>\n<div class=\"read-more\"><a href=\"https:\/\/5ghorses.com\/index.php\/paula-sarsama\/\" class=\"read-more-link\">See More<\/a><\/div>\n","protected":false},"author":1,"featured_media":0,"parent":0,"menu_order":0,"comment_status":"closed","ping_status":"closed","template":"","meta":{"sfsi_plus_gutenberg_text_before_share":"","sfsi_plus_gutenberg_show_text_before_share":"","sfsi_plus_gutenberg_icon_type":"","sfsi_plus_gutenberg_icon_alignemt":"","sfsi_plus_gutenburg_max_per_row":""},"_links":{"self":[{"href":"https:\/\/5ghorses.com\/index.php\/wp-json\/wp\/v2\/pages\/3892"}],"collection":[{"href":"https:\/\/5ghorses.com\/index.php\/wp-json\/wp\/v2\/pages"}],"about":[{"href":"https:\/\/5ghorses.com\/index.php\/wp-json\/wp\/v2\/types\/page"}],"author":[{"embeddable":true,"href":"https:\/\/5ghorses.com\/index.php\/wp-json\/wp\/v2\/users\/1"}],"replies":[{"embeddable":true,"href":"https:\/\/5ghorses.com\/index.php\/wp-json\/wp\/v2\/comments?post=3892"}],"version-history":[{"count":1,"href":"https:\/\/5ghorses.com\/index.php\/wp-json\/wp\/v2\/pages\/3892\/revisions"}],"predecessor-version":[{"id":3894,"href":"https:\/\/5ghorses.com\/index.php\/wp-json\/wp\/v2\/pages\/3892\/revisions\/3894"}],"wp:attachment":[{"href":"https:\/\/5ghorses.com\/index.php\/wp-json\/wp\/v2\/media?parent=3892"}],"curies":[{"name":"wp","href":"https:\/\/api.w.org\/{rel}","templated":true}]}}