{"id":2978,"date":"2019-12-01T11:34:15","date_gmt":"2019-12-01T11:34:15","guid":{"rendered":"http:\/\/5ghorses.com\/?page_id=2978"},"modified":"2019-12-01T13:31:57","modified_gmt":"2019-12-01T13:31:57","slug":"hanna-morre-matilainen","status":"publish","type":"page","link":"https:\/\/5ghorses.com\/index.php\/yhteistyokumppanit\/hanna-morre-matilainen\/","title":{"rendered":"Hanna Morre Matilainen"},"content":{"rendered":"\n<figure class=\"wp-block-image size-large\"><img loading=\"lazy\" width=\"1024\" height=\"725\" src=\"http:\/\/5ghorses.com\/wp-content\/uploads\/2019\/12\/morre-1024x725.jpg\" alt=\"\" class=\"wp-image-2979\" srcset=\"https:\/\/5ghorses.com\/wp-content\/uploads\/2019\/12\/morre-1024x725.jpg 1024w, https:\/\/5ghorses.com\/wp-content\/uploads\/2019\/12\/morre-300x213.jpg 300w, https:\/\/5ghorses.com\/wp-content\/uploads\/2019\/12\/morre-768x544.jpg 768w, https:\/\/5ghorses.com\/wp-content\/uploads\/2019\/12\/morre-1536x1088.jpg 1536w, https:\/\/5ghorses.com\/wp-content\/uploads\/2019\/12\/morre-400x283.jpg 400w, https:\/\/5ghorses.com\/wp-content\/uploads\/2019\/12\/morre-600x425.jpg 600w, https:\/\/5ghorses.com\/wp-content\/uploads\/2019\/12\/morre.jpg 1694w\" sizes=\"(max-width: 1024px) 100vw, 1024px\" \/><figcaption> Kuva: Anne-Maria Vierinen <\/figcaption><\/figure>\n\n\n\n<p>Hanna on 5G-tiimin kielenhuoltaja, joka viilaa pilkkuja\nja auttaa tiimil\u00e4isi\u00e4 kaikissa suomen kieleen ja tiedottamiseen liittyviss\u00e4\nviestint\u00e4asioissa. Ammatiltaan Hanna on kustannustoimittaja ja kirjailija, ja\nty\u00f6skentelee oman yrityksens\u00e4 Morren maailma kautta. <\/p>\n\n\n\n<p>Hannalla on oma turpaterapeutti Simlir fr\u00e5n Midg\u00e5rd, joka majailee Snettansissa Inkoossa.<\/p>\n\n\n\n<figure class=\"wp-block-image size-large\"><img loading=\"lazy\" width=\"1024\" height=\"357\" src=\"http:\/\/5ghorses.com\/wp-content\/uploads\/2019\/12\/morren_maailma-1024x357.jpg\" alt=\"\" class=\"wp-image-2980\" srcset=\"https:\/\/5ghorses.com\/wp-content\/uploads\/2019\/12\/morren_maailma-1024x357.jpg 1024w, https:\/\/5ghorses.com\/wp-content\/uploads\/2019\/12\/morren_maailma-300x105.jpg 300w, https:\/\/5ghorses.com\/wp-content\/uploads\/2019\/12\/morren_maailma-768x268.jpg 768w, https:\/\/5ghorses.com\/wp-content\/uploads\/2019\/12\/morren_maailma-1536x536.jpg 1536w, https:\/\/5ghorses.com\/wp-content\/uploads\/2019\/12\/morren_maailma-2048x715.jpg 2048w, https:\/\/5ghorses.com\/wp-content\/uploads\/2019\/12\/morren_maailma-400x140.jpg 400w, https:\/\/5ghorses.com\/wp-content\/uploads\/2019\/12\/morren_maailma-600x209.jpg 600w\" sizes=\"(max-width: 1024px) 100vw, 1024px\" \/><\/figure>\n\n\n\n<p><br><a href=\"https:\/\/www.lilith.fi\/palvelut-ja-tekijat\/hanna-morre-matilainen\/\" target=\"_blank\" rel=\"noreferrer noopener\" aria-label=\"morrenmaai (avautuu uudessa v\u00e4lilehdess\u00e4)\">morrenmaai<\/a><a href=\"https:\/\/www.lilith.fi\/palvelut-ja-tekijat\/hanna-morre-matilainen\/\">lma.fi<\/a><\/p>\n","protected":false},"excerpt":{"rendered":"<p>Hanna on 5G-tiimin kielenhuoltaja, joka viilaa pilkkuja ja auttaa tiimil\u00e4isi\u00e4 kaikissa suomen kieleen ja tiedottamiseen liittyviss\u00e4 viestint\u00e4asioissa. Ammatiltaan Hanna on kustannustoimittaja ja kirjailija, ja ty\u00f6skentelee oman yrityksens\u00e4 Morren maailma kautta.&hellip;<\/p>\n<div class=\"read-more\"><a href=\"https:\/\/5ghorses.com\/index.php\/yhteistyokumppanit\/hanna-morre-matilainen\/\" class=\"read-more-link\">See More<\/a><\/div>\n","protected":false},"author":1,"featured_media":0,"parent":137,"menu_order":0,"comment_status":"closed","ping_status":"closed","template":"","meta":{"sfsi_plus_gutenberg_text_before_share":"","sfsi_plus_gutenberg_show_text_before_share":"","sfsi_plus_gutenberg_icon_type":"","sfsi_plus_gutenberg_icon_alignemt":"","sfsi_plus_gutenburg_max_per_row":""},"_links":{"self":[{"href":"https:\/\/5ghorses.com\/index.php\/wp-json\/wp\/v2\/pages\/2978"}],"collection":[{"href":"https:\/\/5ghorses.com\/index.php\/wp-json\/wp\/v2\/pages"}],"about":[{"href":"https:\/\/5ghorses.com\/index.php\/wp-json\/wp\/v2\/types\/page"}],"author":[{"embeddable":true,"href":"https:\/\/5ghorses.com\/index.php\/wp-json\/wp\/v2\/users\/1"}],"replies":[{"embeddable":true,"href":"https:\/\/5ghorses.com\/index.php\/wp-json\/wp\/v2\/comments?post=2978"}],"version-history":[{"count":4,"href":"https:\/\/5ghorses.com\/index.php\/wp-json\/wp\/v2\/pages\/2978\/revisions"}],"predecessor-version":[{"id":2997,"href":"https:\/\/5ghorses.com\/index.php\/wp-json\/wp\/v2\/pages\/2978\/revisions\/2997"}],"up":[{"embeddable":true,"href":"https:\/\/5ghorses.com\/index.php\/wp-json\/wp\/v2\/pages\/137"}],"wp:attachment":[{"href":"https:\/\/5ghorses.com\/index.php\/wp-json\/wp\/v2\/media?parent=2978"}],"curies":[{"name":"wp","href":"https:\/\/api.w.org\/{rel}","templated":true}]}}