{"id":3851,"date":"2019-12-29T15:27:49","date_gmt":"2019-12-29T15:27:49","guid":{"rendered":"http:\/\/5ghorses.com\/?page_id=3851"},"modified":"2019-12-29T15:33:25","modified_gmt":"2019-12-29T15:33:25","slug":"tekijat","status":"publish","type":"page","link":"http:\/\/5ghorses.com\/index.php\/tekijat\/","title":{"rendered":"Lis\u00e4\u00e4 tiimil\u00e4isi\u00e4"},"content":{"rendered":"\n<figure class=\"wp-block-image size-large\"><img loading=\"lazy\" width=\"1024\" height=\"768\" src=\"http:\/\/5ghorses.com\/wp-content\/uploads\/2019\/12\/059a4a63-4678-4878-b717-1f4d9895af37.jpg\" alt=\"\" class=\"wp-image-3857\" srcset=\"http:\/\/5ghorses.com\/wp-content\/uploads\/2019\/12\/059a4a63-4678-4878-b717-1f4d9895af37.jpg 1024w, http:\/\/5ghorses.com\/wp-content\/uploads\/2019\/12\/059a4a63-4678-4878-b717-1f4d9895af37-300x225.jpg 300w, http:\/\/5ghorses.com\/wp-content\/uploads\/2019\/12\/059a4a63-4678-4878-b717-1f4d9895af37-768x576.jpg 768w, http:\/\/5ghorses.com\/wp-content\/uploads\/2019\/12\/059a4a63-4678-4878-b717-1f4d9895af37-400x300.jpg 400w, http:\/\/5ghorses.com\/wp-content\/uploads\/2019\/12\/059a4a63-4678-4878-b717-1f4d9895af37-600x450.jpg 600w\" sizes=\"(max-width: 1024px) 100vw, 1024px\" \/><\/figure>\n\n\n\n<p>Tiimiin kuluu paljon muitakin ja teht\u00e4v\u00e4\u00e4 riitt\u00e4\u00e4..<\/p>\n","protected":false},"excerpt":{"rendered":"<p>Tiimiin kuluu paljon muitakin ja teht\u00e4v\u00e4\u00e4 riitt\u00e4\u00e4..<\/p>\n","protected":false},"author":1,"featured_media":0,"parent":0,"menu_order":0,"comment_status":"closed","ping_status":"closed","template":"","meta":{"sfsi_plus_gutenberg_text_before_share":"","sfsi_plus_gutenberg_show_text_before_share":"","sfsi_plus_gutenberg_icon_type":"","sfsi_plus_gutenberg_icon_alignemt":"","sfsi_plus_gutenburg_max_per_row":""},"_links":{"self":[{"href":"http:\/\/5ghorses.com\/index.php\/wp-json\/wp\/v2\/pages\/3851"}],"collection":[{"href":"http:\/\/5ghorses.com\/index.php\/wp-json\/wp\/v2\/pages"}],"about":[{"href":"http:\/\/5ghorses.com\/index.php\/wp-json\/wp\/v2\/types\/page"}],"author":[{"embeddable":true,"href":"http:\/\/5ghorses.com\/index.php\/wp-json\/wp\/v2\/users\/1"}],"replies":[{"embeddable":true,"href":"http:\/\/5ghorses.com\/index.php\/wp-json\/wp\/v2\/comments?post=3851"}],"version-history":[{"count":3,"href":"http:\/\/5ghorses.com\/index.php\/wp-json\/wp\/v2\/pages\/3851\/revisions"}],"predecessor-version":[{"id":3858,"href":"http:\/\/5ghorses.com\/index.php\/wp-json\/wp\/v2\/pages\/3851\/revisions\/3858"}],"wp:attachment":[{"href":"http:\/\/5ghorses.com\/index.php\/wp-json\/wp\/v2\/media?parent=3851"}],"curies":[{"name":"wp","href":"https:\/\/api.w.org\/{rel}","templated":true}]}}