{"id":2204,"date":"2019-12-27T12:10:47","date_gmt":"2019-12-27T12:10:47","guid":{"rendered":"http:\/\/5ghorses.com\/?page_id=2204"},"modified":"2019-12-28T08:20:15","modified_gmt":"2019-12-28T08:20:15","slug":"kaakkolan-tila","status":"publish","type":"page","link":"http:\/\/5ghorses.com\/index.php\/kaakkolan-tila\/","title":{"rendered":"Kaakkolan tila"},"content":{"rendered":"\n<figure class=\"wp-block-image size-large\"><img loading=\"lazy\" width=\"1024\" height=\"1024\" src=\"http:\/\/5ghorses.com\/wp-content\/uploads\/2019\/12\/MG_3806-1024x1024.jpg\" alt=\"\" class=\"wp-image-3757\" srcset=\"http:\/\/5ghorses.com\/wp-content\/uploads\/2019\/12\/MG_3806-1024x1024.jpg 1024w, http:\/\/5ghorses.com\/wp-content\/uploads\/2019\/12\/MG_3806-300x300.jpg 300w, http:\/\/5ghorses.com\/wp-content\/uploads\/2019\/12\/MG_3806-150x150.jpg 150w, http:\/\/5ghorses.com\/wp-content\/uploads\/2019\/12\/MG_3806-768x768.jpg 768w, http:\/\/5ghorses.com\/wp-content\/uploads\/2019\/12\/MG_3806-400x400.jpg 400w, http:\/\/5ghorses.com\/wp-content\/uploads\/2019\/12\/MG_3806-600x600.jpg 600w, http:\/\/5ghorses.com\/wp-content\/uploads\/2019\/12\/MG_3806-100x100.jpg 100w, http:\/\/5ghorses.com\/wp-content\/uploads\/2019\/12\/MG_3806.jpg 1500w\" sizes=\"(max-width: 1024px) 100vw, 1024px\" \/><\/figure>\n\n\n\n<p class=\"has-text-align-left\">Anita ja Pekka Kaakkola ovat kasvattaneet islanninhevosia Lopella Etel\u00e4-H\u00e4meess\u00e4 vuodesta 2001 alkaen. Heid\u00e4n kiinnostuksen kohteenaan ovat olleet alusta l\u00e4htien erityisesti viisik\u00e4yntiset islanninhevoset sek\u00e4 nopeat passijuoksijat. Kasvateissa, joita on kertynyt jo kuutisenkymment\u00e4, onkin paljon kivoja viisik\u00e4yntihevosia.<br><br>Hevoset kasvavat paljolti alkuper\u00e4maan perinteit\u00e4 noudattaen; ulkosalla ja laumoina mahdollisimman isoilla laitumilla ja pihattotarhoissa. Ensimm\u00e4isen\u00e4 talvenaan varsat otetaan y\u00f6ksi sis\u00e4lle vieroitusvaiheessa oppimaan n\u00e4in my\u00f6s tallitavat ja tottumaan ihmisiin. Sen j\u00e4lkeen tallissa asutaan oikeastaan vasta ratsutusvaiheessa.  <\/p>\n\n\n\n<figure class=\"wp-block-image size-large\"><img loading=\"lazy\" width=\"1024\" height=\"682\" src=\"http:\/\/5ghorses.com\/wp-content\/uploads\/2019\/12\/2544502_orig-1024x682.jpg\" alt=\"\" class=\"wp-image-3723\" srcset=\"http:\/\/5ghorses.com\/wp-content\/uploads\/2019\/12\/2544502_orig-1024x682.jpg 1024w, http:\/\/5ghorses.com\/wp-content\/uploads\/2019\/12\/2544502_orig-300x200.jpg 300w, http:\/\/5ghorses.com\/wp-content\/uploads\/2019\/12\/2544502_orig-768x512.jpg 768w, http:\/\/5ghorses.com\/wp-content\/uploads\/2019\/12\/2544502_orig-400x267.jpg 400w, http:\/\/5ghorses.com\/wp-content\/uploads\/2019\/12\/2544502_orig-600x400.jpg 600w, http:\/\/5ghorses.com\/wp-content\/uploads\/2019\/12\/2544502_orig.jpg 1100w\" sizes=\"(max-width: 1024px) 100vw, 1024px\" \/><figcaption>Syrpa ja aamulla syntynyt S\u00ednfonia<\/figcaption><\/figure>\n\n\n\n<p> Kaakkolan tilalla on erikoistuttu my\u00f6s hevoshein\u00e4n tuotantoon. T\u00e4m\u00e4 antaakin tavallista paremmat mahdollisuudet valita kullekin hevosryhm\u00e4lle sopivaa ravintoa. Toisena vahvuutena on islanninhevosvarusteisiin erikoistunut kauppa, joten kasvateille l\u00f6ytyy aina sopivat varusteet joka l\u00e4ht\u00f6\u00f6n. <br><br>Tilalta on kasvanut paljon hyvi\u00e4 harrastehevosia, mutta my\u00f6s laadukkaita kilpahevosia. Kasvateista kaksi tammaa ja kaksi oria on kantakirjattu. Ensimm\u00e4isen\u00e4 iso ja kaunis Lord fr\u00e1 Kaakkola, joka sai astutusoikeudet jo nuorena orina rakenteensa puolesta ennen kokonaisarvostelua. Lord ruunattiin 10-vuotiaana ja kilpailee nyky\u00e4\u00e4n menestyksekk\u00e4\u00e4sti T2-luokassa tiimin junioriratsastajalla. <\/p>\n\n\n\n<figure class=\"wp-block-image size-large\"><img loading=\"lazy\" width=\"1024\" height=\"683\" src=\"http:\/\/5ghorses.com\/wp-content\/uploads\/2019\/12\/IMG_0991-1024x683.jpg\" alt=\"\" class=\"wp-image-3724\" srcset=\"http:\/\/5ghorses.com\/wp-content\/uploads\/2019\/12\/IMG_0991-1024x683.jpg 1024w, http:\/\/5ghorses.com\/wp-content\/uploads\/2019\/12\/IMG_0991-300x200.jpg 300w, http:\/\/5ghorses.com\/wp-content\/uploads\/2019\/12\/IMG_0991-768x512.jpg 768w, http:\/\/5ghorses.com\/wp-content\/uploads\/2019\/12\/IMG_0991-1536x1024.jpg 1536w, http:\/\/5ghorses.com\/wp-content\/uploads\/2019\/12\/IMG_0991-2048x1365.jpg 2048w, http:\/\/5ghorses.com\/wp-content\/uploads\/2019\/12\/IMG_0991-400x267.jpg 400w, http:\/\/5ghorses.com\/wp-content\/uploads\/2019\/12\/IMG_0991-600x400.jpg 600w\" sizes=\"(max-width: 1024px) 100vw, 1024px\" \/><figcaption>Freir kasvattajineen MM-palkintojen jaossa<\/figcaption><\/figure>\n\n\n\n<p> Tilan menestyksekk\u00e4in kasvatti on toinen kantakirjatuista oreista, Freir fr\u00e1 Kaakkola, jolla onkin Suomessa syntyneist\u00e4 hevosista ylivoimaisesti korkeimmat kantakirjauspisteet. Freir edusti Suomea my\u00f6s MM-kilpailuiden jalostusluokassa vuonna 2017 ja sijoittui 4. sijalle yli 7-vuotiaissa oreissa. <br>Freir jatkaa jalostusk\u00e4yt\u00f6ss\u00e4 tilalla, mutta voi kilpaillakin ja edustaa my\u00f6s tiimi\u00e4. Sill\u00e4 on erityisen helppo ja n\u00f6yr\u00e4 luonne, vaikka kisaratsuna pystyy esitt\u00e4\u00e4m\u00e4\u00e4n my\u00f6s huimia p\u00e4tki\u00e4. <br>Freirin j\u00e4lkel\u00e4isi\u00e4kin tullaan toivon mukaan n\u00e4kem\u00e4\u00e4n pian tiimin ratsuina. <\/p>\n\n\n\n<p>Ajatus 5G Horses -tiimist\u00e4 sai alkuideansa Kaakkolan tilalla. Nuorten ratsastajien kanssa on tehty hienoja asioita jo ennen tiimi\u00e4, ja n\u00e4it\u00e4 onnistuneita juttuja haluttiin l\u00e4hte\u00e4 tarjoamaan laajempaankin k\u00e4ytt\u00f6\u00f6n. Hyv\u00e4n hevosen kasvatus ei ole helppoa, ja kun siin\u00e4 on onnistuttu, toivoo jokainen kasvattaja saavansa n\u00e4hd\u00e4 kasvattinsa kehityst\u00e4 ja menestyst\u00e4. Parhaat hevoset helposti h\u00e4vi\u00e4v\u00e4t ulkomaille. Toiveena on, ettei n\u00e4in v\u00e4ltt\u00e4m\u00e4tt\u00e4 jatkossa tarvitsisi k\u00e4yd\u00e4 ja toisinp\u00e4in \u2013 ett\u00e4 hyv\u00e4\u00e4 kilpahevosta etsiv\u00e4 suomalaisratsastaja l\u00f6yt\u00e4isi vaihtoehtoja my\u00f6s Suomesta. <\/p>\n\n\n\n<figure class=\"wp-block-image size-large\"><img loading=\"lazy\" width=\"1024\" height=\"577\" src=\"http:\/\/5ghorses.com\/wp-content\/uploads\/2019\/12\/orit-1024x577.jpg\" alt=\"\" class=\"wp-image-3725\" srcset=\"http:\/\/5ghorses.com\/wp-content\/uploads\/2019\/12\/orit-1024x577.jpg 1024w, http:\/\/5ghorses.com\/wp-content\/uploads\/2019\/12\/orit-300x169.jpg 300w, http:\/\/5ghorses.com\/wp-content\/uploads\/2019\/12\/orit-768x433.jpg 768w, http:\/\/5ghorses.com\/wp-content\/uploads\/2019\/12\/orit-400x225.jpg 400w, http:\/\/5ghorses.com\/wp-content\/uploads\/2019\/12\/orit-600x338.jpg 600w, http:\/\/5ghorses.com\/wp-content\/uploads\/2019\/12\/orit.jpg 1278w\" sizes=\"(max-width: 1024px) 100vw, 1024px\" \/><figcaption>Entro, Kongur, Losti, Vidar, Kristall ja Freir nuorten orien laumassa.<\/figcaption><\/figure>\n\n\n\n<figure class=\"wp-block-image size-large\"><img loading=\"lazy\" width=\"600\" height=\"558\" src=\"http:\/\/5ghorses.com\/wp-content\/uploads\/2019\/12\/uusilogo_6.gif\" alt=\"\" class=\"wp-image-3736\"\/><\/figure>\n\n\n\n<p>Anita ja Pekka Kaakkola<br>Ourajoentie 111<br>12920 Topeno<\/p>\n\n\n\n<p>kaakkola@kaakkola.com<br><br>puh. 0400-498777<\/p>\n\n\n\n<p><a href=\"http:\/\/www.kaakkola.com\">www.kaakkola.com<\/a><\/p>\n\n\n\n<p><a rel=\"noreferrer noopener\" aria-label=\" (avautuu uudessa v\u00e4lilehdess\u00e4)\" href=\"https:\/\/www.facebook.com\/Kaakkolantila\/\" target=\"_blank\">www.facebook.com\/Kaakkolantila\/<\/a> <\/p>\n\n\n\n<p><a href=\"https:\/\/www.instagram.com\/kaakkolantila\/\" target=\"_blank\" rel=\"noreferrer noopener\" aria-label=\" (avautuu uudessa v\u00e4lilehdess\u00e4)\">www.instagram.com\/kaakkolantila\/<\/a><\/p>\n","protected":false},"excerpt":{"rendered":"<p>Anita ja Pekka Kaakkola ovat kasvattaneet islanninhevosia Lopella Etel\u00e4-H\u00e4meess\u00e4 vuodesta 2001 alkaen. Heid\u00e4n kiinnostuksen kohteenaan ovat olleet alusta l\u00e4htien erityisesti viisik\u00e4yntiset islanninhevoset sek\u00e4 nopeat passijuoksijat. Kasvateissa, joita on kertynyt jo&hellip;<\/p>\n<div class=\"read-more\"><a href=\"http:\/\/5ghorses.com\/index.php\/kaakkolan-tila\/\" class=\"read-more-link\">See More<\/a><\/div>\n","protected":false},"author":1,"featured_media":0,"parent":0,"menu_order":0,"comment_status":"closed","ping_status":"closed","template":"","meta":{"sfsi_plus_gutenberg_text_before_share":"","sfsi_plus_gutenberg_show_text_before_share":"","sfsi_plus_gutenberg_icon_type":"","sfsi_plus_gutenberg_icon_alignemt":"","sfsi_plus_gutenburg_max_per_row":""},"_links":{"self":[{"href":"http:\/\/5ghorses.com\/index.php\/wp-json\/wp\/v2\/pages\/2204"}],"collection":[{"href":"http:\/\/5ghorses.com\/index.php\/wp-json\/wp\/v2\/pages"}],"about":[{"href":"http:\/\/5ghorses.com\/index.php\/wp-json\/wp\/v2\/types\/page"}],"author":[{"embeddable":true,"href":"http:\/\/5ghorses.com\/index.php\/wp-json\/wp\/v2\/users\/1"}],"replies":[{"embeddable":true,"href":"http:\/\/5ghorses.com\/index.php\/wp-json\/wp\/v2\/comments?post=2204"}],"version-history":[{"count":22,"href":"http:\/\/5ghorses.com\/index.php\/wp-json\/wp\/v2\/pages\/2204\/revisions"}],"predecessor-version":[{"id":3781,"href":"http:\/\/5ghorses.com\/index.php\/wp-json\/wp\/v2\/pages\/2204\/revisions\/3781"}],"wp:attachment":[{"href":"http:\/\/5ghorses.com\/index.php\/wp-json\/wp\/v2\/media?parent=2204"}],"curies":[{"name":"wp","href":"https:\/\/api.w.org\/{rel}","templated":true}]}}