{"id":18,"date":"2019-08-22T07:36:41","date_gmt":"2019-08-22T07:36:41","guid":{"rendered":"http:\/\/5ghorses.com\/?page_id=18"},"modified":"2021-10-10T15:11:26","modified_gmt":"2021-10-10T15:11:26","slug":"5g-ratsastajat","status":"publish","type":"page","link":"http:\/\/5ghorses.com\/index.php\/5g-ratsastajat\/","title":{"rendered":"5G-riders:"},"content":{"rendered":"\n<figure class=\"wp-block-image size-large\"><img loading=\"lazy\" width=\"1024\" height=\"768\" src=\"http:\/\/5ghorses.com\/wp-content\/uploads\/2021\/10\/85d7b380-781e-4398-bd2e-2ad770e56f39-2.jpg\" alt=\"\" class=\"wp-image-37564\" srcset=\"http:\/\/5ghorses.com\/wp-content\/uploads\/2021\/10\/85d7b380-781e-4398-bd2e-2ad770e56f39-2.jpg 1024w, http:\/\/5ghorses.com\/wp-content\/uploads\/2021\/10\/85d7b380-781e-4398-bd2e-2ad770e56f39-2-300x225.jpg 300w, http:\/\/5ghorses.com\/wp-content\/uploads\/2021\/10\/85d7b380-781e-4398-bd2e-2ad770e56f39-2-768x576.jpg 768w, http:\/\/5ghorses.com\/wp-content\/uploads\/2021\/10\/85d7b380-781e-4398-bd2e-2ad770e56f39-2-400x300.jpg 400w, http:\/\/5ghorses.com\/wp-content\/uploads\/2021\/10\/85d7b380-781e-4398-bd2e-2ad770e56f39-2-600x450.jpg 600w\" sizes=\"(max-width: 1024px) 100vw, 1024px\" \/><figcaption>Tiimil\u00e4isi\u00e4 kisamatkalla Ahvenanmaalla 2021<\/figcaption><\/figure>\n\n\n\n<p>5G Horses tiimi on tarkoitettu nuorille alle 24-vuotiaille islanninhevosratsastajille, jotka ratsastavat tavoitteena kehitty\u00e4 kohti lajin huippua.<br>Halu ratsastaa Suomessa kasvatetulla islanninhevosella, joko omalla tai tiimin kasvattajien tarjoamilla hevosilla. <\/p>\n\n\n\n<p>Tiimiin voi my\u00f6s l\u00e4hett\u00e4\u00e4 edelleen vapaamuotoisesti hakemuksia info@5ghorses.com <br>(Pahoittelut, sivuilla ollut aiemmin v\u00e4\u00e4r\u00e4 osoite !!! Laita viesti\u00e4 mik\u00e4li olet odottanut vastausta turhaan)<\/p>\n","protected":false},"excerpt":{"rendered":"<p>5G Horses tiimi on tarkoitettu nuorille alle 24-vuotiaille islanninhevosratsastajille, jotka ratsastavat tavoitteena kehitty\u00e4 kohti lajin huippua.Halu ratsastaa Suomessa kasvatetulla islanninhevosella, joko omalla tai tiimin kasvattajien tarjoamilla hevosilla. Tiimiin voi my\u00f6s&hellip;<\/p>\n<div class=\"read-more\"><a href=\"http:\/\/5ghorses.com\/index.php\/5g-ratsastajat\/\" class=\"read-more-link\">See More<\/a><\/div>\n","protected":false},"author":1,"featured_media":0,"parent":0,"menu_order":0,"comment_status":"closed","ping_status":"closed","template":"","meta":{"sfsi_plus_gutenberg_text_before_share":"","sfsi_plus_gutenberg_show_text_before_share":"","sfsi_plus_gutenberg_icon_type":"","sfsi_plus_gutenberg_icon_alignemt":"","sfsi_plus_gutenburg_max_per_row":""},"_links":{"self":[{"href":"http:\/\/5ghorses.com\/index.php\/wp-json\/wp\/v2\/pages\/18"}],"collection":[{"href":"http:\/\/5ghorses.com\/index.php\/wp-json\/wp\/v2\/pages"}],"about":[{"href":"http:\/\/5ghorses.com\/index.php\/wp-json\/wp\/v2\/types\/page"}],"author":[{"embeddable":true,"href":"http:\/\/5ghorses.com\/index.php\/wp-json\/wp\/v2\/users\/1"}],"replies":[{"embeddable":true,"href":"http:\/\/5ghorses.com\/index.php\/wp-json\/wp\/v2\/comments?post=18"}],"version-history":[{"count":20,"href":"http:\/\/5ghorses.com\/index.php\/wp-json\/wp\/v2\/pages\/18\/revisions"}],"predecessor-version":[{"id":37565,"href":"http:\/\/5ghorses.com\/index.php\/wp-json\/wp\/v2\/pages\/18\/revisions\/37565"}],"wp:attachment":[{"href":"http:\/\/5ghorses.com\/index.php\/wp-json\/wp\/v2\/media?parent=18"}],"curies":[{"name":"wp","href":"https:\/\/api.w.org\/{rel}","templated":true}]}}